19, 1400489
What are the prime factors of 388722669?
3, 2971, 43613
What are the prime factors of 47822793?
3, 101, 157831
List the prime factors of 44600299.
17, 73, 83, 433
What are the prime factors of 728340066?
2, 3, 13487779
List the prime factors of 213166940.
2, 5, 7, 61, 109, 229
What are the prime factors of 24175166?
2, 821, 14723
What are the prime factors of 796940209?
13, 4007, 15299
List the prime factors of 742415655.
3, 5, 313, 158129
What are the prime factors of 4503993762?
2, 3, 211, 1399, 2543
What are the prime factors of 289865259?
3, 211, 152641
List the prime factors of 1049033053.
4229, 248057
What are the prime factors of 275980312?
2, 17, 23, 83, 1063
List the prime factors of 43467983.
13, 31, 8297
What are the prime factors of 283361284?
2, 71, 997751
What are the prime factors of 84451070?
2, 5, 11, 17, 45161
What are the prime factors of 3779446753?
3779446753
What are the prime factors of 153082374?
2, 3, 25513729
List the prime factors of 30699733.
23, 1334771
What are the prime factors of 6380059047?
3, 17, 125099197
What are the prime factors of 109042361?
7307, 14923
List the prime factors of 202050876.
2, 3, 607, 27739
List the prime factors of 3282069085.
5, 656413817
What are the prime factors of 647809738?
2, 73, 4437053
List the prime factors of 321908608.
2, 7, 443, 811
What are the prime factors of 230210823?
3, 181, 423961
List the prime factors of 1608413041.
1608413041
List the prime factors of 157999232.
2, 709, 1741
List the prime factors of 541128856.
2, 43, 97, 16217
What are the prime factors of 89484179?
59, 1516681
List the prime factors of 18442710.
2, 3, 5, 11, 13, 1433
What are the prime factors of 208803654?
2, 3, 19, 29, 37, 569
List the prime factors of 244910391.
3, 11, 173, 42899
What are the prime factors of 294089079?
3, 98029693
What are the prime factors of 28168362?
2, 3, 1564909
List the prime factors of 155674555.
5, 31134911
What are the prime factors of 1043194241?
1043194241
What are the prime factors of 255640884?
2, 3, 21303407
List the prime factors of 1337035790.
2, 5, 47, 71, 103, 389
List the prime factors of 221252636.
2, 11, 1297, 3877
What are the prime factors of 286409141?
149, 1922209
List the prime factors of 31055937.
3, 11, 19, 49531
What are the prime factors of 97449749?
37, 89, 101, 293
What are the prime factors of 72695825?
5, 17, 171049
What are the prime factors of 168090096?
2, 3, 43, 81439
List the prime factors of 73669247.
67, 1099541
What are the prime factors of 292344917?
43, 6798719
What are the prime factors of 155644508?
2, 29, 881, 1523
List the prime factors of 31753179.
3, 23, 211, 727
List the prime factors of 57424021.
607, 94603
What are the prime factors of 428919334?
2, 3917, 54751
List the prime factors of 683410072.
2, 85426259
What are the prime factors of 420414725?
5, 16816589
List the prime factors of 333373195.
5, 43, 433, 3581
List the prime factors of 519402845.
5, 13, 7990813
What are the prime factors of 1946787298?
2, 23, 6221, 6803
What are the prime factors of 9134595166?
2, 1427, 3200629
List the prime factors of 656530273.
7, 167, 80231
What are the prime factors of 453909481?
11443, 39667
List the prime factors of 169047970.
2, 5, 7, 13, 185767
What are the prime factors of 462892749?
3, 11, 67, 209359
What are the prime factors of 2987992800?
2, 3, 5, 13, 3547
What are the prime factors of 77407613?
17, 53, 1621
List the prime factors of 2372983900.
2, 5, 7, 37, 91621
What are the prime factors of 16675123?
37, 277, 1627
List the prime factors of 9922152.
2, 3, 17, 83, 293
List the prime factors of 4140302965.
5, 313, 2645561
List the prime factors of 288712823.
7, 1187, 34747
What are the prime factors of 2184090198?
2, 3, 17, 21412649
What are the prime factors of 71073713?
419, 169627
What are the prime factors of 1150382071?
6067, 189613
List the prime factors of 938397225.
3, 5, 29, 431447
List the prime factors of 90215696.
2, 2111, 2671
What are the prime factors of 855890057?
11, 53, 1468079
What are the prime factors of 232256330?
2, 5, 43, 127, 4253
What are the prime factors of 256294719?
3, 9492397
List the prime factors of 670115917.
37, 489493
List the prime factors of 74057896.
2, 11, 19, 44293
What are the prime factors of 1660725006?
2, 3, 1901, 145601
What are the prime factors of 2254484256?
2, 3, 23484211
List the prime factors of 2268269727.
3, 17, 44475877
List the prime factors of 397465013.
11, 36133183
List the prime factors of 25852025.
5, 571, 1811
List the prime factors of 335270091.
3, 13, 61, 140929
List the prime factors of 6075968.
2, 139, 683
What are the prime factors of 1552309220?
2, 5, 7, 11, 143999
What are the prime factors of 1048614764?
2, 1367, 191773
List the prime factors of 138005501.
138005501
List the prime factors of 288392524.
2, 7, 41, 229, 1097
List the prime factors of 789889999.
789889999
What are the prime factors of 134494966?
2, 877, 76679
List the prime factors of 41497188.
2, 3, 3458099
List the prime factors of 6028362.
2, 3, 179, 1871
What are the prime factors of 1365500089?
11867, 115067
What are the prime factors of 1659478462?
2, 193, 1973, 2179
What are the prime factors of 1574409082?
2, 787204541
What are the prime factors of 43330038?
2, 3, 2089, 3457
List the prime factors of 168874030.
2, 5, 13, 587, 2213
List the prime factors of 194938765.
5, 7, 19, 433, 677
List the prime factors of 3342554053.
191, 263, 66541
List the prime factors of 399248896.
2, 97, 8039
What are the prime factors of 758497436?
2, 29, 6538771
What are the prime factors of 458784737?
1429, 321053
List the prime factors of 48896718.
2, 3, 13, 211, 2971
List the prime factors of 115106937.
3, 11, 31, 53, 193
What are the prime factors of 751550269?
751550269
List the prime factors of 31789204.
2, 19, 418279
What are the prime factors of 53262632?
2, 17, 109, 3593
What are the prime factors of 165081110?
2, 5, 619, 26669
What are the prime factors of 4639300196?
2, 1159825049
What are the prime factors of 130576186?
2, 13, 463, 10847
What are the prime factors of 117663567?
3, 7, 5603027
What are the prime factors of 16310716?
2, 733, 5563
What are the prime factors of 371909101?
4273, 87037
List the prime factors of 79825930.
2, 5, 31, 257503
What are the prime factors of 3553403902?
2, 19, 1217, 76837
What are the prime factors of 52840702?
2, 26420351
List the prime factors of 800264677.
281, 2847917
List the prime factors of 526990040.
2, 5, 79, 2111
List the prime factors of 380430197.
7, 54347171
List the prime factors of 6540271.
1321, 4951
List the prime factors of 495779009.
11, 45070819
What are the prime factors of 165792992?
2, 977, 5303
What are the prime factors of 3365154675?
3, 5, 17, 199, 4421
List the prime factors of 81222916.
2, 103, 137, 1439
List the prime factors of 752600051.
7, 19, 31, 182537
List the prime factors of 42506798.
2, 199, 106801
What are the prime factors of 2398291012?
2, 13, 37, 1246513
List the prime factors of 6338346175.
5, 7, 97, 373393
List the prime factors of 54066140.
2, 5, 149, 18143
List the prime factors of 7242696214.
2, 13, 278565239
What are the prime factors of 746146088?
2, 93268261
What are the prime factors of 1333685443?
1333685443
What are the prime factors of 153840456?
2, 3, 7, 11, 27749
List the prime factors of 38425869.
3, 37, 257, 449
What are the prime factors of 5489255238?
2, 3, 3607, 253639
List the prime factors of 207920396.
2, 173, 300463
List the prime factors of 25006550.
2, 5, 647, 773
What are the prime factors of 864997416?
2, 3, 107, 112279
What are the prime factors of 12109889?
11, 1100899
What are the prime factors of 54588192?
2, 3, 568627
List the prime factors of 234114424.
2, 23, 1272361
List the prime factors of 25760058.
2, 3, 4293343
What are the prime factors of 116850407?
1609, 72623
List the prime factors of 2092067320.
2, 5, 7, 37, 201937
List the prime factors of 64926838.
2, 19, 23, 74287
What are the prime factors of 12545638?
2, 7, 31, 137, 211
List the prime factors of 46961565.
3, 5, 7, 17, 26309
What are the prime factors of 172186731?
3, 19131859
List the prime factors of 420974260.
2, 5, 7, 19, 158261
List the prime factors of 33200459.
33200459
What are the prime factors